 m(f) = -3*h(f) + 5*k(f). Let v be m(-5). Give y(v).
-10
Suppose 5 = 2*x + 1. Let z(d) = 4*d - 11*d**x - 5*d**2 + 15*d**2. Give z(5).
-5
Suppose a = 4*a - 36. Suppose 7*q - 10*q + a = 0. Let o(x) be the third derivative of x**5/60 - x**4/4 + x**3/3 + x**2. What is o(q)?
-6
Let i(m) = -20*m**2 + 7*m**2 + 8*m**2 + 2*m**2 + 2*m + 3. Give i(3).
-18
Let l(x) = 1. Let v(i) = -2. Let p(j) = 5*l(j) + 3*v(j). Let w(c) = -c + 1. Let f(k) = -5. Let g(a) = -f(a) + w(a). Let r(d) = -3*g(d) - 15*p(d). What is r(2)?
3
Let m(b) be the first derivative of b**4/4 - b**3/3 - b**2/2 + b - 6. Let i be m(1). Let y(c) = 0*c + 2*c**2 - 3*c**2 + c. Calculate y(i).
0
Let c(p) = p**3 + 5*p**2 + 5*p - 4. Let y(f) = -f - 16. Let n be y(-12). What is c(n)?
-8
Let g(l) = -99 + 52 + 46 + 19*l. Give g(1).
18
Let r = -13 - -7. Suppose 2 = 2*z - z. Let t(d) = -8 + 0 - 4*d + z*d. Calculate t(r).
4
Let u(g) = -g**3 - g**2 - 2. Let n = 14 + -20. Let w be n/(-4)*(-1 + 9). Let d be w/(-7) + (-6)/21. What is u(d)?
2
Let f(s) = s**2 - 8*s - 11 + 2*s - 3*s. What is f(10)?
-1
Let x(f) = 265*f**2 - 2 + 5*f - 264*f**2 + 2. Suppose o + 2*g - 23 = 0, 2*o + 81 = 5*o + 3*g. Suppose 5*j + 3*v = j - 29, 5*j = -2*v - o. Give x(j).
0
Let o(q) = -q**3 - 2*q**2 + 5*q - 2. Let k be 1/(-3) + 2/6*-11. Calculate o(k).
10
Let y(j) = j + 6 + j - 4*j - j. Suppose -32 - 4 = -3*z. Suppose -5*i - z = 2*c - i, -c - 1 = i. Calculate y(c).
-6
Let h(j) = -j**2 + 10*j + 3. Let l be h(10). Let t(v) = 2*v + 3*v + 0*v - l*v. Give t(-1).
-2
Let c(a) = 11 - a**3 + 3*a - 14 + 3 - 4*a**2. Calculate c(-4).
-12
Let n(a) = -a. Suppose 3*s = 2*m - 7*m - 43, -4*m = 3*s + 38. Give n(s).
6
Let c(p) = -p**3 - 4*p**2 - 2*p + 4. Let o(w) be the second derivative of -w**4/12 + w**2/2 + w. Let a be o(-2). Give c(a).
1
Let u(n) be the second derivative of -n**4/12 + 2*n**3 - 9*n**2/2 + 3*n. Let t be u(11). Let b(x) = 2 + x**2 - 3 + x + t. Determine b(-3).
7
Let v(k) = -k + 3. Let c(b) = 4*b - 12. Let n = 9 - -9. Let l be (2 - -1)/3*4. Let g(a) = l*c(a) + n*v(a). Determine g(5).
-4
Suppose 2*r - 4 = 3*t, r - 2 = -6. Let l(q) = -q. Let p be (1/(-1))/((-2)/6). Let o(j) = -j + 1. Let z(y) = p*l(y) - 2*o(y). What is z(t)?
2
Let f(i) = -3*i**2 - i**3 + 1 + 5*i - 4*i + 0*i + i**2. Suppose -7 - 3 = 5*h. Determine f(h).
-1
Suppose -3*s + w = 4*w - 21, 0 = 2*s + 5*w - 23. Let k(l) be the first derivative of -s*l + 1/2*l**2 - 1 + 1/3*l**3. What is k(3)?
8
Let v(h) = -h**3 - h**2. Let z be v(-1). Let j(x) = 0 - 7 + 6*x - x**2 + 3 + z. Calculate j(4).
4
Suppose 0 = -5*d - 20, 3*g - 2*d + 3*d = 5. Let v(y) = y**2 - y. Let m(j) = -3*j**2 + j + 1. Let l(u) = -m(u) - 4*v(u). Calculate l(g).
-1
Let v = 2 + -8. Let p(h) = -2*h**2 - 3*h + 3. Let i(a) = -5*a**2 - 7*a + 7. Let o(k) = v*i(k) + 14*p(k). Calculate o(2).
8
Suppose -4*n + 14 = 2. Let c(l) = 3*l**2 - 3*l - 4. What is c(n)?
14
Let o(r) = -r + 4. Let c be o(0). Let j(w) = -w + 0*w + 3 + 2*w. What is j(c)?
7
Let q be (1/(-3))/(-1*(-2)/30). Let p(a) = -a**3 - 5*a**2 - a - 1. Determine p(q).
4
Let v(i) = 2*i**3 - 2*i**2 - 4*i - 1. Let m(a) = -5*a**3 + 5*a**2 + 9*a + 1. Let l(h) = 3*m(h) + 7*v(h). Calculate l(3).
-25
Let h = 16 + -5. Let l = h + -6. Let n(u) = u - 7. What is n(l)?
-2
Let u be 10/6 - (-22)/(-33). Suppose -2*b + u = -1. Let x(s) = s + 1. What is x(b)?
2
Let y(k) = -9*k**2 - 1. Let l = 22 + -23. Give y(l).
-10
Let c(l) = -3*l**3 - 7*l**2 + 5*l. Let f(n) = -5*n**3 - 11*n**2 + 8*n. Let b(h) = -8*c(h) + 5*f(h). Determine b(0).
0
Let c(n) = -n + 1. Suppose -3*z + 5 = 23. Let l = z - -3. What is c(l)?
4
Suppose -5*l - 23 = 2*d + 2*d, -2*d = 4. Let o(p) = 1. Let t(r) = r**2 - r. Let y(s) = 3*o(s) - t(s). Calculate y(l).
-9
Let o(q) = -1 + 3*q**2 - q**2 + 4*q - q**3 + q**2. Suppose -2*z + 6 = 2. Suppose -z*h + 8 = -0*h. Calculate o(h).
-1
Let y(w) = 2*w - 6. Let t(a) = -a**2 + 26*a + 9. Let i be t(26). Give y(i).
12
Let v(y) = -y**3 - 4*y**2 + 3*y - 5. Suppose h - 2 - 9 = 0. Let g = h - 16. Determine v(g).
5
Suppose -7 = 4*r - 5*r. Let i be 3*(r/(-3) - -1). Let k(o) = -o**2 - 3*o - 3. Give k(i).
-7
Let k(n) = n - 1. Let z be k(0). Let g(j) = -2*j**3 - 2*j**2 - j. What is g(z)?
1
Let b be (-3)/21 + 18/(-21). Let j(z) = -2*z**2 + 1. Give j(b).
-1
Let d(g) = g**2 - 4*g + 1. Suppose -2*m + 4 = -0*m. Determine d(m).
-3
Let s(w) = 5*w**2 + 24*w - 4. Let p(u) = -2*u**2 - 11*u + 2. Let q(a) = -7*p(a) - 3*s(a). Give q(7).
-16
Let o be -6*(6/(-4))/3. Suppose w = -0*w + i + 7, 0 = o*i + 15. Let k(s) = -5 + 2*s**2 + 5 - 3*s. Give k(w).
2
Let v(b) = -b - 4. Let h(y) be the first derivative of y**4/4 - y**3/3 - y**2/2 + 2*y + 3. Let o be h(0). Let z be (3 - (-2)/(-2)) + o. Determine v(z).
-8
Suppose -18 = g - 12. Let r(u) = 0*u**2 - u**2 - 2 - 6*u + 0*u**2. Calculate r(g).
-2
Suppose -2*c + 1 = -3. Let t(p) = 2*p**2 - 2*p**c - p**2 + 2 - 3*p**3 + 2*p**3. Determine t(0).
2
Let m(b) = -6*b**3 - 11*b**2 + 9*b - 4. Let l(t) = 5*t**3 + 10*t**2 - 8*t + 5. Let c(d) = 5*l(d) + 4*m(d). Determine c(-7).
-12
Let j be 176/55 - (-2)/(-10). Let t = -9 + j. Let m(y) = -y**3 - 5*y**2 + 4*y - 7. Give m(t).
5
Let o be 1/(-1) - 8/(-2). Let r(c) = c**2 + 4*c - 1. Suppose -8 = 4*k - 0. Let t(w) = w**2 + w. Let q(y) = k*t(y) + r(y). Calculate q(o).
-4
Let c be (0/3)/(1 - -1). Suppose c = s - 5 - 0. Let r(x) = 2 - s - 2*x**3 + x**3 + x**2 + 2*x. Calculate r(2).
-3
Let t(d) be the third derivative of -d**4/24 + d**3/3 - 45*d**2 - 2. Suppose -3*p - 2*v + 73 = -4*v, -p = 5*v - 13. Suppose 2 = -5*r - p. Calculate t(r).
7
Let w(y) = y**2 - 2*y + 2. Let c be w(0). Let a(l) = l**2 + l**c - 3*l**2 - 4 - 4*l + 0*l**2. Calculate a(-3).
-1
Let t(k) be the second derivative of 7*k**3/6 + 2*k**2 + 22*k. Calculate t(-3).
-17
Suppose -7*b - 2 = -9*b. Let s(x) be the third derivative of -x**5/12 - x**4/24 - 2*x**2. What is s(b)?
-6
Let v(r) = r**3 - 4*r**2 - 5*r - 6. Let n(w) = -w**2 + 9*w - 9. Let y be n(6). Let q be y/2 + 3/6. What is v(q)?
-6
Let v(s) = s. Suppose -6*z + 4*z + 4 = 0. Let h(n) = -n + 4. Let y(k) = z*v(k) - h(k). What is y(3)?
5
Let m be (1*(0 - 0))/3 - -1. Let y(g) = -g**2 - 1. Determine y(m).
-2
Let r be -7 + (-6)/(1 - 3). Let w(t) = t**3 + 4*t**2 + 2*t + 4. Determine w(r).
-4
Let b(r) = -4*r**2 + 2*r + 1. Let x be b(-1). Suppose 1 - 2 = -c. Let h(t) = -c + 1 - t. Determine h(x).
5
Let q(o) = o**3 + 3*o**2 - 4*o - 2. Let s = 26 + -16. Suppose 2*g - 7*g + s = 0. Suppose 2*l + g*l = -16. Determine q(l).
-2
Let r(u) = -u**3 - 3*u**2 - 2*u + 1. Let w be -2 - 3 - (-2 + 0). Let q be r(w). Suppose q*m = 3*m + 20. Let o(n) = -n**2 + 5*n - 7. Calculate o(m).
-7
Let i(h) = -h**3 - 3*h**2 - 3*h - 4. Let s = 10 + -13. Let k = s - 0. What is i(k)?
5
Let q(l) = l. Let h(s) be the first derivative of -4*s - 3/2*s**2 + 1 - 1/3*s**3. Let g be h(-3). Calculate q(g).
-4
Let v(t) = t + 2. Suppose -p - 4*u = 8 - 0, -3*p + 5*u + 10 = 0. Calculate v(p).
2
Let g be 18/(-45) - 36/10. Let q(m) = m**3 + 3*m**2 - 2*m + 3. Give q(g).
-5
Let j = -8 - -5. Let t be -2 + (-1)/(j/6). Let q(l) = -l**3 + l**2 + 10. Determine q(t).
10
Let a(c) be the first derivative of -3*c**2 - 3 + 5*c + 1/3*c**3. What is a(4)?
-3
Let d(m) = -m + 2. Let v(s) = s**2 + 2*s + 2. Let o be v(-2). Let u(l) = 4*l - 2. Let a be u(o). Let h be (a/(-9))/((-4)/6). Determine d(h).
1
Let g(n) = -n**3 + 3*n**2 + 11*n - 3. Let p be g(5). Let l(u) = -u**3 + u**2 - 1. Calculate l(p).
-5
Let x be 1 - (-2 - (1 - 3)). Let l(h) = 4*h. Let r be l(x). Let j(i) = r*i**2 - 3*i - 2*i**2 + 2 + 0 - 1. Give j(2).
3
Let r(j) = -4*j. Suppose 3*z + 14 = -2*s, 4*s = 3*z + 5 + 3. Determine r(s).
4
Let x(v) = -v**3 + 6*v**2 + v - 5. Let f be x(6). Let a(j) = -9*j + 1. What is a(f)?
-8
Let a be (12 + 2 - 2) + 0. Let b = -8 + a. Suppose -2*u = -b + 2. Let h(i) = i**2 - 2*i + 1. What is h(u)?
0
Let c(x) = 11*x + 4. Let d(s) = 5*s + 2. Let t(i) = -6*c(i) + 13*d(i). Let g = -1 + 3. Give t(g).
0
Let f be 2*1 - (1 - 2). Suppose 1 = -5*o + s, -4*o + 2*s - 8 = f*s. Let b(u) be the third derivative of u**5/60 - u**4/24 - u**3/6 + 6*u**2. Calculate b(o).
1
Let d(h) = -2*h + 6. Let z be (2/6)/((-5)/(-60)). Determine d(z).
-2
Suppose 25 = -0*s - 5*s. Suppose -2*t - 3*t + 16 = -2*n, -4*t - 4 = 4*n. Let m(o) = -3 + 6*o + 5*o**t + o**2 + 0*o**3 + o**3. Calculate m(s).
-8
Suppose -x - 8 = 2*m, -3*m = 4*x + 2*m + 17. Let f